23322?
-101021001
In base 16, what is 1e - 59f0e7?
-59f0c9
In base 14, what is -7288 - -20c?
-707a
In base 6, what is 1113555 - -11105?
1125104
In base 8, what is 2161 + -55242?
-53061
In base 15, what is -897 + 3819?
2e72
In base 5, what is 2114102433 + -42?
2114102341
In base 13, what is 118c + 10a4a?
11c09
In base 6, what is -3 - 30135451?
-30135454
In base 13, what is 965b525 + -8?
965b51a
In base 6, what is 355 + 34542542?
34543341
In base 5, what is -42333 - 4230?
-102113
In base 7, what is 1134002 - 15?
1133654
In base 7, what is 132 + -2116413?
-2116251
In base 14, what is b6bc05 - 50?
b6bb95
In base 12, what is -300 - -83a4?
80a4
In base 15, what is 2dc + 56e9c?
57289
In base 13, what is -830a59b - -8?
-830a593
In base 5, what is 14223021000 - -4?
14223021004
In base 4, what is -12011 + -202120?
-220131
In base 8, what is -1 - -111126403?
111126402
In base 11, what is -2 + 20897a61?
20897a5a
In base 16, what is -55068 + 9e?
-54fca
In base 14, what is 8cb7 - -a?
8cc3
In base 14, what is -2b55523 - 9?
-2b5552c
In base 13, what is -18826 + -25b?
-18a84
In base 3, what is 1000 - -2222222011122220?
2222222011200220
In base 8, what is 5 + -12465710?
-12465703
In base 9, what is -513161358 - -5?
-513161353
In base 5, what is 132324144 - -11411?
132341110
In base 12, what is -14a140 - -1?
-14a13b
In base 13, what is -3b50b71 - 3?
-3b50b74
In base 8, what is -45243067 + -3?
-45243072
In base 4, what is -22 - -2331012033?
2331012011
In base 5, what is -22140024 - -1240?
-22133234
In base 9, what is 8255575 + -5?
8255570
In base 14, what is 28bd5 + 1880?
2a675
In base 7, what is 126536611 - -4?
126536615
In base 10, what is 715455 - -18?
715473
In base 2, what is -100000111001110000111 + 101110?
-100000111001101011001
In base 13, what is 754 + 41b9?
4940
In base 15, what is -d1 + -c58a?
-c66b
In base 8, what is 3211342 - -134?
3211476
In base 15, what is -26ac8 + 1cd?
-268ea
In base 15, what is -37 - -2562c7?
256290
In base 10, what is 1305 + 775?
2080
In base 14, what is 185d4 - 338?
1829a
In base 6, what is 224053253 - -20?
224053313
In base 12, what is 5 + aa7935?
aa793a
In base 14, what is -31da + -8a5?
-3aa1
In base 2, what is 1011000 - 1110000111010000?
-1110000101111000
In base 4, what is -1321213102 - 123103?
-1322002211
In base 12, what is 54a + -10245b?
-101b11
In base 13, what is a11 - -28c8?
3609
In base 8, what is -44 - 4111035?
-4111101
In base 6, what is 4211432 + -35?
4211353
In base 9, what is -400543351 + 3?
-400543347
In base 11, what is -1 - -2855433?
2855432
In base 15, what is 1d51c6d + -5?
1d51c68
In base 10, what is 68272 - 14?
68258
In base 12, what is -5390 + 1557?
-3a35
In base 3, what is 0 + 1011011011212212?
1011011011212212
In base 11, what is 5 - -1982a728?
1982a732
In base 13, what is 14644 - -4904?
19248
In base 7, what is 4560624 - -11?
4560635
In base 3, what is -11 + -11121121111201?
-11121121111212
In base 13, what is 143038 + -c54?
1420b4
In base 4, what is -12202221 + 3201031?
-3001130
In base 4, what is 3 - -101031300230132?
101031300230201
In base 12, what is -34 - 2060756?
-206078a
In base 5, what is 423331 - -114012?
1042343
In base 9, what is 13470437 + -112?
13470325
In base 2, what is -11001110011011011000 - -10001?
-11001110011011000111
In base 11, what is -10 - 703629a?
-70362aa
In base 13, what is -15 - 40500?
-40515
In base 6, what is 2 - 20051313?
-20051311
In base 5, what is -4 - 121022000114?
-121022000123
In base 15, what is 13e05 - 24e?
13ba6
In base 3, what is 10 + -1002020221110002?
-1002020221102222
In base 12, what is -1083034 + 2?
-1083032
In base 4, what is 233111031 - -322013?
300033110
In base 2, what is 1001010001010000110 + 111000101?
1001010010001001011
In base 15, what is 18d + -7ed6?
-7d48
In base 8, what is -2 - -1674244?
1674242
In base 11, what is 3473a2 - a?
347393
In base 9, what is -274 + -636681?
-637065
In base 6, what is -4032 + -4523?
-12555
In base 12, what is 276 + -2ba64?
-2b7aa
In base 10, what is -981376434 + 2?
-981376432
In base 6, what is 3215 - -3143?
10402
In base 8, what is -3500 - -547?
-2731
In base 3, what is 110012221020 - 10?
110012221010
In base 4, what is -23222323110 + -10?
-23222323120
In base 15, what is -333ecdc - 2?
-333ecde
In base 2, what is -1101110011100 + -111010101011100?
-1001000011111000
In base 5, what is -240303213 + 41?
-240303122
In base 7, what is -22 - -10131633?
10131611
In base 5, what is -301441 + -4311?
-311302
In base 11, what is a1 + 129060?
129151
In base 6, what is -4 - 1011230242?
-1011230250
In base 3, what is -11120021200020211 - 11?
-11120021200020222
In base 4, what is -200 - -1023211220111?
1023211213311
In base 12, what is -b180388 - -4?
-b180384
In base 4, what is 200022021322 - -1302?
200022023230
In base 12, what is -27 + -68a75a3?
-68a760a
In base 16, what is -15f5d7 + 9?
-15f5ce
In base 4, what is 112130200313330 + -1?
112130200313323
In base 3, what is 2120122211111 + 222?
2120122212110
In base 10, what is 7267 + -1555?
5712
In base 9, what is 84213 + 868?
85182
In base 8, what is -50 + -216573?
-216643
In base 8, what is 10463 - -6524?
17207
In base 9, what is -164200 + -8872?
-174172
In base 2, what is 1010111111000010 - -10101110?
1011000001110000
In base 14, what is 18c82d - 22?
18c80b
In base 8, what is 341677470 + -3?
341677465
In base 5, what is 3302 + -13322?
-10020
In base 10, what is -4780267 + -29?
-4780296
In base 9, what is -100 + 827883?
827783
In base 13, what is 198411c + 4?
1984123
In base 4, what is 2 - -23020031100312?
23020031100320
In base 16, what is fae0e - 16?
fadf8
In base 10, what is 3150 - -25500?
28650
In base 8, what is 1503563334 + -3?
1503563331
In base 12, what is 33 - -308787?
3087ba
In base 15, what is -30 + -1c067?
-1c097
In base 10, what is 6 + -32159?
-32153
In base 11, what is 39a9a780 + -18?
39a9a763
In base 5, what is 2211440414311 - -2?
2211440414313
In base 15, what is 19309 + 376?
19680
In base 13, what is 236 + -3a8399?
-3a8163
In base 3, what is -111201022010 - 1110?
-111201100120
In base 14, what is 2667cc7c - 3?
2667cc79
In base 2, what is -1101011111000100001111 + 100?
-1101011111000100001011
In base 12, what is -1a + 149233?
149215
In base 5, what is 4 + -314132442?
-314132433
In base 12, what is -430651 + 594?
-430079
In base 7, what is -141 - 54441205?
-54441346
In base 15, what is -ab3b59 - -3?
-ab3b56
In base 14, what is -c678a + 4?
-c6786
In base 8, what is -4 + 102463220?
102463214
In base 10, what is 860804 + 3?
860807
In base 9, what is -3446 - -2731?
-615
In base 8, what is -1 - -4611362?
4611361
In base 11, what is 41716 - -34?
4174a
In base 8, what is -5774624 + 3?
-5774621
In base 9, what is -802 - 3278?
-4181
In base 4, what is 31130 + -103003121?
-102311331
In base 13, what is -2 - 669b941?
-669b943
In base 11, what is -9523a4 - -18?
-952387
In base 15, what is 5 + 2253ad?
2253b3
In base 5, what is -1211 - -24420431?
24414220
In base 6, what is 4543150 + 1302?
4544452
In base 5, what is -122044 - -2?
-122042
In base 4, what is 3132122202210 + 12?
3132122202222
In base 14, what is -1c34b366 - -2?
-1c34b364
In base 9, what is 142 + 73671?
73823
In base 15, what is -1de + 313c7e?
313a90
In base 2, what is 10111100000000011 - -11110100?
10111100011110111
In base 7, what is 114315 + -30435?
53550
In base 10, what is -160991 + 321?
-160670
In base 13, what is -34a0c5 - -13?
-34a0b2
In base 9, what is -5 + -53216722?
-53216727
In base 9, what is -8 + 85174308?
85174300
In base 11, what is 7 + -3a730604?
-3a7305a8
In base 13, what is -179c084 - 2?
-179c086
In base 7, what is 630646 + -15?
630631
In base 9, what is -84013821 - 0?
-84013821
In base 10, what is -11 - -864586?
864575
In base 3, what is 112002122020122 + -12?
112002122020110
In base 4, what is -200 + -30021121300?
-30021122100
In base 12, what is -50 - 2487444?
-2487494
In base 6, what is 1455 + 43431?
45330
In base 5, what is -1024 + 101242143?
101241114
In base 8, what is 1462 + -34467?
-33005
In base 11, what is -20 + -520315?
-520335
In base 9, what is -4 + 872628?
872624
In base 11, what is -55 + -88966?
-88a10
In base 11, what is 6a1a6 + -8?
6a199
In base 5, what is 31324 - 311213?
-224334
In base 11, what is -1858 + 4888?
3030
In base 14, what is 27767 + d5c?
286c5
In base 16, what is